 p(m) = -m**2 + 36*m + 1291. Let w be p(58). Suppose 4*k = w + t. What is the greatest common divisor of k and 38?
19
Let p = 10 + 31. Let z = -37 + p. Suppose -5*b + z*v + 169 = 0, 2*b + 2*b + 3*v = 129. Calculate the greatest common divisor of b and 3.
3
Let k be 35/(-7)*195/(-25). Calculate the highest common factor of 21 and k.
3
Let i be ((-48)/(-24) - -73)/(6/68). Calculate the greatest common divisor of 600 and i.
50
Suppose 14*f - 19*f - 5*i = 20, -5*i = -f + 26. Calculate the greatest common divisor of f and 53.
1
Let t = -230 + 295. Suppose 1040 = 18*a - 8*a. What is the greatest common factor of t and a?
13
Suppose 3*c + 0*c - 2 = -2*b, -4 = 4*c + 4*b. Let v = -808 + 809. What is the greatest common factor of v and c?
1
Let u be (0 + -1)*(9 + -8) + 71. Let t = 851 - 501. Calculate the greatest common divisor of t and u.
70
Let q(i) be the third derivative of -i**4/6 - 28*i**3/3 + 18*i**2. Let y be q(-20). Suppose 3*j - 9 = y. Calculate the greatest common factor of 77 and j.
11
Suppose -5*p + 2 = -4*r, 5*p - 2*r - 3*r = 0. Let h(f) = 23*f - 2. Let t be h(p). What is the greatest common factor of t and 33?
11
Suppose -5*j = 5*v + 10, 5*j = 2*v - 17 - 7. Suppose -2*a = -3*o - 21 + 111, v*o - 5*a = 71. Calculate the greatest common divisor of 308 and o.
28
Let z(l) = 2*l**2 - 42*l + 6. Let f be z(24). What is the greatest common factor of 200 and f?
50
Suppose -d - 63 = -3*u - 4*d, 4*u - 5*d = 120. Suppose -5*b = -u + 25. Suppose b = -2*q + 5*q - 288. What is the highest common factor of q and 144?
48
Suppose -11*y + 24*y = 39. Let l be ((-270)/12)/(20/8 - y). What is the greatest common factor of 45 and l?
45
Let w = -109 - -120. Suppose 3*h + 0*h = -2*s - 6, -2*h - w = -s. Calculate the greatest common divisor of s and 12.
3
Let s be -2 + 207/6 - 14/((-308)/(-55)). Let v be (-60)/7*-4*7. What is the greatest common factor of v and s?
30
Let s be (1*2)/(32/48). Let f(n) = -n**2 + 14*n - 31. Let b be f(13). Let a be ((1/(-2))/(-1))/((-1)/b). Calculate the greatest common factor of a and s.
3
Let p(m) = -34*m - 742. Let j be p(-27). Calculate the greatest common factor of j and 55.
11
Let q(x) = -x**3 + 10*x**2 + x + 5. Let b be q(10). Suppose -210 = -b*l + 8*l. What is the greatest common divisor of 24 and l?
6
Let j = -58888 + 86376. What is the greatest common factor of j and 32?
32
Suppose 2392 = -4*j + 4*z, -z + 1 + 3 = 0. Let m = j + 1134. What is the greatest common divisor of m and 60?
60
Let k(m) = -4*m**3 - 2*m**2 - 5*m + 10. Let w be k(4). Let o = w - -324. What is the greatest common factor of 247 and o?
13
Suppose -6 + 14 = 2*f. Suppose f*i - 4 = 32. Suppose i*h - 61 = 2. What is the highest common factor of h and 21?
7
Let v(a) = -886*a + 2. Let u be v(-1). What is the highest common divisor of u and 24?
24
Suppose 3*p = -3*k + 105, 5*k + 175 = 99*p - 94*p. What is the highest common factor of 287 and p?
7
Let z be 4/14 - 939/(-21). Let t be (272/10)/(-34) + (-4958)/(-10). What is the greatest common divisor of t and z?
45
Let y be -2 + -7 + (6 - 4) + 105. Calculate the highest common factor of y and 70.
14
Suppose -942 = -12*a - 510. Calculate the highest common factor of 732 and a.
12
Suppose 14818*v = 14813*v + 65. Calculate the greatest common divisor of 1157 and v.
13
Suppose -5*r + 83 = 33. Suppose -4*q = -2*g + 3*g - 9, -5*q = 3*g - 20. What is the greatest common factor of g and r?
5
Suppose 0 = 4*l - 322 - 878. Suppose -2*o = -g - 365, 3*o - 365 = 5*g + 200. Calculate the highest common divisor of o and l.
60
Suppose -50666 = -1216*a + 1139*a. Calculate the highest common factor of a and 42.
14
Let n = 2251 - 235. Suppose -19*w + n = 9*w. What is the highest common factor of 54 and w?
18
Let c be ((8 - 1) + -5)/((-4)/(-194)). Suppose 0 = 5*b + 3 + c. Let p be (5/(125/b))/((-4)/50). What is the greatest common divisor of p and 90?
10
Let j(c) = 15*c**2 + 10*c - 41. Let s be j(-5). Calculate the highest common factor of 148 and s.
4
Suppose 701 = -4*d + 713, d - 207 = -4*s. What is the highest common factor of s and 68?
17
Let n = 10742 + -10590. Calculate the highest common divisor of n and 52.
4
Let m be 11/((-11)/(-15)) - (-16 - -11). What is the greatest common factor of 5600 and m?
20
Let u(v) = -25*v + 140. Let n = -124 + 129. Let f be u(n). Calculate the highest common divisor of f and 555.
15
Let m = 29 - 23. Suppose 0 = -m*c + 2*c + 52. Suppose -2 = -5*y + c. What is the greatest common factor of 3 and y?
3
Let n = 24 - 20. Let s be (-480)/(-45)*n/((-8)/(-3)). Let w = -17 - -21. Calculate the highest common factor of s and w.
4
Let z(f) = 490*f + 2510. Let c be z(-5). Let s = 4 + 44. Calculate the highest common divisor of c and s.
12
Suppose -123*n + 140267 = 25*n - 81881. Calculate the greatest common divisor of 304 and n.
19
Let q(w) = 92*w + 2355. Let l be q(68). Calculate the greatest common divisor of l and 79.
79
Let f be ((-33)/(-4))/(134/64 + -2). Let i = f - 68. Suppose z + 3*d = -1, -i = -2*z + 4*d + 18. What is the highest common divisor of z and 99?
11
Let s(l) = 20*l**3 - l**2 - 90*l + 172. Let m be s(2). Suppose -4*n - 745 = -4*o + n, 2*o = 3*n + 373. Calculate the highest common divisor of o and m.
37
Let x(d) = d. Let n(m) = -20*m - 202. Let q(f) = -n(f) - 2*x(f). Let a be q(-11). Let k = -4 + 32. What is the highest common factor of a and k?
4
Let h = -3671 + 3682. What is the greatest common divisor of 19 and h?
1
Suppose -112*d + 117*d + z = 1358, -d + 5*z + 230 = 0. Calculate the highest common divisor of 432 and d.
54
Suppose z - 3*k = 25 - 9, 3*z = 4*k + 28. Let t be (-2555)/(-28) - (-9)/12. What is the greatest common factor of t and z?
4
Let a be (2 - 0) + (9 - 12) - -4. Suppose -13 = -2*p + a. Suppose 8*n = 3*n + 4*l + 176, -2*l - 40 = -n. What is the highest common factor of p and n?
8
Let j(u) = -u**2 + 23*u - 15. Let m(y) = -y**2 + 22*y - 14. Let c(t) = 3*j(t) - 4*m(t). Let o be c(20). Calculate the highest common divisor of o and 217.
31
Let q(s) = -s**2 + 16*s - 20. Let i = -40 + 54. Let a be q(i). Let w be (-20)/(-2) + 0/a. What is the greatest common divisor of 40 and w?
10
Let s = -75 - -298. Let h = 328 + s. Calculate the highest common factor of h and 19.
19
Let q = 1854 - 1782. Calculate the highest common divisor of 126 and q.
18
Let q = -1068 - -1074. Suppose -6*t = q - 60. Let z be ((-4)/(-5))/((-2)/(-15)). What is the highest common factor of t and z?
3
Let h = 2438 - 2424. Suppose -8*m + 3*m + 140 = 0. What is the highest common divisor of m and h?
14
Let s be ((-22)/44)/((-4)/40*1). What is the highest common factor of s and 405?
5
Let x(m) be the third derivative of m**5/30 + m**4/8 + 5*m**3/3 + 6*m**2. Let i be x(-4). Let t = i + -15. What is the greatest common factor of t and 3?
3
Suppose 4*l = 3*q - 509, 0 = 5*q - 8*q - 5*l + 518. Calculate the highest common divisor of 18 and q.
9
Let j be 27330/16 + (595/40 - 15). Calculate the greatest common divisor of j and 28.
28
Let b(n) = -n**3 + 25*n**2 + 25*n + 330. Let i be b(26). What is the greatest common divisor of i and 208?
16
Let h = -754 + 759. Suppose -7*q + 5*t = -2*q - 20, 5*q + h*t - 40 = 0. Calculate the greatest common factor of 42 and q.
6
Suppose 5*g = 21*g + 64. Let q be (-1)/(-4)*-2*-20. Let j = q + g. Calculate the highest common factor of j and 3.
3
Let m be (-16630)/11 - 10/55. Let h be (6/(-9))/(4/m). Let y = -83 - -111. Calculate the highest common factor of h and y.
28
Let v(g) = -2*g - 16. Suppose -l = l - 0*l. Let k be v(l). Let p be -1 + 4 + k/(-2). Calculate the greatest common divisor of 1 and p.
1
Suppose 0 = -327*x + 658*x - 341*x + 58880. Calculate the highest common factor of x and 256.
256
Let r(p) = 4*p**2 + 21*p + 117. Suppose -13*a + 9 = 74. Let n be r(a). What is the highest common factor of n and 252?
28
Let v be (-1 - -2)/((-26370)/13186 - (3 - 5)). What is the highest common factor of v and 19?
19
Let s be (-6477255)/(-1785) + (6/(-7))/(-3). Calculate the highest common factor of s and 19.
19
Let u = -35 + 34. Let p be 4*-2 + (-5 - u)/2. Let f(j) = -15*j - 45. Let g be f(p). What is the highest common divisor of g and 15?
15
Let o = -4124 + 9112. What is the highest common factor of o and 688?
172
Suppose 6728*s = 6745*s - 1802. What is the highest common factor of s and